the prime factors of 12494.
2, 6247
List the prime factors of 19069.
19069
What are the prime factors of 18110?
2, 5, 1811
List the prime factors of 98603.
151, 653
List the prime factors of 155.
5, 31
List the prime factors of 28107.
3, 347
What are the prime factors of 7052?
2, 41, 43
What are the prime factors of 1634?
2, 19, 43
What are the prime factors of 20876?
2, 17, 307
List the prime factors of 120175.
5, 11, 19, 23
List the prime factors of 13714.
2, 6857
What are the prime factors of 25995?
3, 5, 1733
What are the prime factors of 1987?
1987
What are the prime factors of 33395?
5, 6679
What are the prime factors of 859?
859
List the prime factors of 1648.
2, 103
List the prime factors of 2234.
2, 1117
List the prime factors of 3335.
5, 23, 29
List the prime factors of 6355.
5, 31, 41
List the prime factors of 756.
2, 3, 7
What are the prime factors of 11135?
5, 17, 131
What are the prime factors of 1363?
29, 47
List the prime factors of 7764.
2, 3, 647
What are the prime factors of 2433?
3, 811
What are the prime factors of 52365?
3, 5, 3491
What are the prime factors of 22150?
2, 5, 443
List the prime factors of 1459.
1459
What are the prime factors of 6827?
6827
List the prime factors of 7257.
3, 41, 59
List the prime factors of 15423.
3, 53, 97
What are the prime factors of 1014?
2, 3, 13
What are the prime factors of 7587?
3, 281
What are the prime factors of 19831?
7, 2833
What are the prime factors of 1700?
2, 5, 17
List the prime factors of 21342.
2, 3, 3557
List the prime factors of 5194.
2, 7, 53
What are the prime factors of 24002?
2, 11, 1091
What are the prime factors of 1183?
7, 13
List the prime factors of 3365.
5, 673
List the prime factors of 43900.
2, 5, 439
What are the prime factors of 3111?
3, 17, 61
What are the prime factors of 16818?
2, 3, 2803
List the prime factors of 117162.
2, 3, 23, 283
List the prime factors of 111054.
2, 3, 83, 223
List the prime factors of 1859.
11, 13
What are the prime factors of 28567?
7, 11, 53
List the prime factors of 32148.
2, 3, 19, 47
What are the prime factors of 20566?
2, 7, 13, 113
List the prime factors of 442.
2, 13, 17
What are the prime factors of 160313?
160313
List the prime factors of 6044.
2, 1511
List the prime factors of 1193.
1193
What are the prime factors of 9672?
2, 3, 13, 31
List the prime factors of 1055.
5, 211
List the prime factors of 1288.
2, 7, 23
List the prime factors of 33979.
11, 3089
What are the prime factors of 7168?
2, 7
What are the prime factors of 4826?
2, 19, 127
List the prime factors of 398.
2, 199
List the prime factors of 109092.
2, 3, 9091
List the prime factors of 5929.
7, 11
List the prime factors of 7414.
2, 11, 337
List the prime factors of 3221.
3221
What are the prime factors of 506?
2, 11, 23
List the prime factors of 19297.
23, 839
List the prime factors of 8850.
2, 3, 5, 59
What are the prime factors of 1474?
2, 11, 67
List the prime factors of 6080.
2, 5, 19
List the prime factors of 3119.
3119
What are the prime factors of 779?
19, 41
List the prime factors of 1765.
5, 353
What are the prime factors of 24103?
24103
List the prime factors of 499.
499
What are the prime factors of 11153?
19, 587
List the prime factors of 22785.
3, 5, 7, 31
What are the prime factors of 24581?
47, 523
What are the prime factors of 81018?
2, 3, 7, 643
List the prime factors of 807.
3, 269
List the prime factors of 138899.
138899
What are the prime factors of 417?
3, 139
List the prime factors of 15384.
2, 3, 641
List the prime factors of 3375.
3, 5
What are the prime factors of 1551?
3, 11, 47
List the prime factors of 2876.
2, 719
What are the prime factors of 38393?
38393
What are the prime factors of 13320?
2, 3, 5, 37
List the prime factors of 66.
2, 3, 11
What are the prime factors of 11303?
89, 127
List the prime factors of 7697.
43, 179
What are the prime factors of 3402?
2, 3, 7
List the prime factors of 122173.
122173
What are the prime factors of 3077?
17, 181
What are the prime factors of 71300?
2, 5, 23, 31
What are the prime factors of 1785?
3, 5, 7, 17
List the prime factors of 95578.
2, 7, 6827
List the prime factors of 873.
3, 97
What are the prime factors of 13766?
2, 6883
List the prime factors of 26860.
2, 5, 17, 79
What are the prime factors of 22369?
22369
What are the prime factors of 12359?
17, 727
What are the prime factors of 5266?
2, 2633
What are the prime factors of 15062?
2, 17, 443
List the prime factors of 14836.
2, 3709
List the prime factors of 120979.
311, 389
List the prime factors of 7959.
3, 7, 379
List the prime factors of 1651.
13, 127
List the prime factors of 35898.
2, 3, 31, 193
List the prime factors of 11116.
2, 7, 397
List the prime factors of 4072.
2, 509
What are the prime factors of 327?
3, 109
What are the prime factors of 23267?
53, 439
What are the prime factors of 6726?
2, 3, 19, 59
What are the prime factors of 25715?
5, 37, 139
List the prime factors of 121552.
2, 71, 107
What are the prime factors of 147?
3, 7
What are the prime factors of 4434?
2, 3, 739
What are the prime factors of 1864?
2, 233
List the prime factors of 3367.
7, 13, 37
List the prime factors of 429.
3, 11, 13
What are the prime factors of 443?
443
What are the prime factors of 16803?
3, 1867
List the prime factors of 2780.
2, 5, 139
List the prime factors of 121478.
2, 7, 8677
What are the prime factors of 5559?
3, 17, 109
List the prime factors of 3492.
2, 3, 97
List the prime factors of 1842.
2, 3, 307
What are the prime factors of 36721?
36721
List the prime factors of 31606.
2, 15803
List the prime factors of 4857.
3, 1619
List the prime factors of 2704.
2, 13
What are the prime factors of 6887?
71, 97
What are the prime factors of 27811?
7, 29, 137
What are the prime factors of 5301?
3, 19, 31
What are the prime factors of 93274?
2, 149, 313
What are the prime factors of 55139?
7, 7877
What are the prime factors of 20381?
89, 229
List the prime factors of 16983.
3, 17, 37
List the prime factors of 431.
431
What are the prime factors of 9832?
2, 1229
List the prime factors of 919.
919
List the prime factors of 13516.
2, 31, 109
What are the prime factors of 749?
7, 107
What are the prime factors of 20344?
2, 2543
List the prime factors of 9665.
5, 1933
What are the prime factors of 2562?
2, 3, 7, 61
What are the prime factors of 377?
13, 29
What are the prime factors of 5065?
5, 1013
What are the prime factors of 3180?
2, 3, 5, 53
List the prime factors of 892.
2, 223
List the prime factors of 20282.
2, 10141
List the prime factors of 5510.
2, 5, 19, 29
List the prime factors of 692.
2, 173
What are the prime factors of 9418?
2, 17, 277
List the prime factors of 906.
2, 3, 151
List the prime factors of 7422.
2, 3, 1237
List the prime factors of 384.
2, 3
List the prime factors of 32613.
3, 7, 1553
What are the prime factors of 1232?
2, 7, 11
List the prime factors of 1851.
3, 617
List the prime factors of 54825.
3, 5, 17, 43
What are the prime factors of 38042?
2, 23, 827
What are the prime factors of 23959?
13, 19, 97
What are the prime factors of 12226?
2, 6113
List the prime factors of 43742.
2, 21871
List the prime factors of 1057.
7, 151
List the prime factors of 376.
2, 47
What are the prime factors of 2077?
31, 67
List the prime factors of 12828.
2, 3, 1069
What are the prime factors of 160859?
31, 5189
List the prime factors of 6551.
6551
What are the prime factors of 146?
2, 73
What are the prime factors of 8359?
13, 643
List the prime factors of 56664.
2, 3, 787
List the prime factors of 114.
2, 3, 19
What are the prime factors of 77284?
2, 139
List the prime factors of 1178.
2, 19, 31
List the prime factors of 23872.
2, 373
What are the prime factors of 8511?
3, 2837
What are the prime factors of 3140?
2, 5, 157
What are the prime factors of 7431?
3, 2477
List the prime factors of 35156.
2, 11, 17, 47
What are the prime factors of 459?
3, 17
What are the prime factors of 18626?
2, 67, 139
List the prime factors of 192.
2, 3
What are the prime factors of 2674?
2, 7, 191
List the prime factors of 2333.
2333
List the prime factors of 63265.
5, 12653
What are the prime factors of 992?
2, 31
List the prime factors of 571.
571
List the prime factors of 120773.
23, 59, 89
What are the prime factors of 3394?
2